{"id":455,"date":"2026-03-08T12:12:43","date_gmt":"2026-03-08T12:12:43","guid":{"rendered":"http:\/\/swzervy.cluster121.hosting.ovh.net\/?page_id=455"},"modified":"2026-03-18T13:09:46","modified_gmt":"2026-03-18T13:09:46","slug":"enregistrement","status":"publish","type":"page","link":"https:\/\/doceighto.fr\/index.php\/enregistrement\/","title":{"rendered":"Enregistrement"},"content":{"rendered":"\n<p>Profitez du savoir faire de votre ing\u00e9 son, d\u2019un cadre professionnel et chaleureux pour vos cr\u00e9ations, dans les locaux de studio <strong>La Face B<\/strong> \u00e0 Toulouse avec une sonorisation haut de gamme : 55 Av. Louis Breguet 31400 Toulouse.<\/p>\n\n\n\n<p>Cabine ferm\u00e9e et studio climatis\u00e9, r\u00e9servez votre session par mail ou sur Instagram.\u00a0<\/p>\n\n\n\n<p><\/p>\n","protected":false},"excerpt":{"rendered":"<p>Profitez du savoir faire de votre ing\u00e9 son, d\u2019un cadre professionnel et chaleureux pour vos cr\u00e9ations, dans les locaux de studio La Face B \u00e0 Toulouse avec une sonorisation haut de gamme : 55 Av. Louis Breguet 31400 Toulouse. Cabine ferm\u00e9e et studio climatis\u00e9, r\u00e9servez votre session par mail ou sur Instagram.\u00a0<\/p>\n","protected":false},"author":1,"featured_media":0,"parent":0,"menu_order":0,"comment_status":"closed","ping_status":"closed","template":"","meta":{"footnotes":""},"class_list":["post-455","page","type-page","status-publish","hentry"],"_links":{"self":[{"href":"https:\/\/doceighto.fr\/index.php\/wp-json\/wp\/v2\/pages\/455","targetHints":{"allow":["GET"]}}],"collection":[{"href":"https:\/\/doceighto.fr\/index.php\/wp-json\/wp\/v2\/pages"}],"about":[{"href":"https:\/\/doceighto.fr\/index.php\/wp-json\/wp\/v2\/types\/page"}],"author":[{"embeddable":true,"href":"https:\/\/doceighto.fr\/index.php\/wp-json\/wp\/v2\/users\/1"}],"replies":[{"embeddable":true,"href":"https:\/\/doceighto.fr\/index.php\/wp-json\/wp\/v2\/comments?post=455"}],"version-history":[{"count":2,"href":"https:\/\/doceighto.fr\/index.php\/wp-json\/wp\/v2\/pages\/455\/revisions"}],"predecessor-version":[{"id":479,"href":"https:\/\/doceighto.fr\/index.php\/wp-json\/wp\/v2\/pages\/455\/revisions\/479"}],"wp:attachment":[{"href":"https:\/\/doceighto.fr\/index.php\/wp-json\/wp\/v2\/media?parent=455"}],"curies":[{"name":"wp","href":"https:\/\/api.w.org\/{rel}","templated":true}]}}

<p>Profitez du savoir faire de votre ingé son, d’un cadre professionnel et chaleureux pour vos créations, dans les locaux de studio <strong>La Face B</strong> à Toulouse avec une sonorisation haut de gamme : 55 Av. Louis Breguet 31400 Toulouse.</p>



<p>Cabine fermée et studio climatisé, réservez votre session par mail ou sur Instagram. </p>



<p></p>

<p>Profitez du savoir faire de votre ingé son, d’un cadre professionnel et chaleureux pour vos créations, dans les locaux de studio La Face B à Toulouse avec une sonorisation haut de gamme : 55 Av. Louis Breguet 31400 Toulouse. Cabine fermée et studio climatisé, réservez votre session par mail ou sur Instagram. </p>
