{"id":459,"date":"2026-03-08T12:14:01","date_gmt":"2026-03-08T12:14:01","guid":{"rendered":"http:\/\/swzervy.cluster121.hosting.ovh.net\/?page_id=459"},"modified":"2026-03-08T12:14:01","modified_gmt":"2026-03-08T12:14:01","slug":"mastering","status":"publish","type":"page","link":"https:\/\/doceighto.fr\/index.php\/mastering\/","title":{"rendered":"Mastering"},"content":{"rendered":"\n<p>Le mix\/master en ligne vous permettra de concr\u00e9tiser vos projets et les rendre diffusable. Demandez des retouche \u00e0 votre guise (par mail ou Instagram) afin d\u2019\u00eatre dans un processus de mix sur mesure et d\u2019obtenir un r\u00e9sultat fid\u00e8le \u00e0 vos id\u00e9es.<\/p>\n","protected":false},"excerpt":{"rendered":"<p>Le mix\/master en ligne vous permettra de concr\u00e9tiser vos projets et les rendre diffusable. Demandez des retouche \u00e0 votre guise (par mail ou Instagram) afin d\u2019\u00eatre dans un processus de mix sur mesure et d\u2019obtenir un r\u00e9sultat fid\u00e8le \u00e0 vos id\u00e9es.<\/p>\n","protected":false},"author":1,"featured_media":0,"parent":0,"menu_order":0,"comment_status":"closed","ping_status":"closed","template":"","meta":{"footnotes":""},"class_list":["post-459","page","type-page","status-publish","hentry"],"_links":{"self":[{"href":"https:\/\/doceighto.fr\/index.php\/wp-json\/wp\/v2\/pages\/459","targetHints":{"allow":["GET"]}}],"collection":[{"href":"https:\/\/doceighto.fr\/index.php\/wp-json\/wp\/v2\/pages"}],"about":[{"href":"https:\/\/doceighto.fr\/index.php\/wp-json\/wp\/v2\/types\/page"}],"author":[{"embeddable":true,"href":"https:\/\/doceighto.fr\/index.php\/wp-json\/wp\/v2\/users\/1"}],"replies":[{"embeddable":true,"href":"https:\/\/doceighto.fr\/index.php\/wp-json\/wp\/v2\/comments?post=459"}],"version-history":[{"count":1,"href":"https:\/\/doceighto.fr\/index.php\/wp-json\/wp\/v2\/pages\/459\/revisions"}],"predecessor-version":[{"id":460,"href":"https:\/\/doceighto.fr\/index.php\/wp-json\/wp\/v2\/pages\/459\/revisions\/460"}],"wp:attachment":[{"href":"https:\/\/doceighto.fr\/index.php\/wp-json\/wp\/v2\/media?parent=459"}],"curies":[{"name":"wp","href":"https:\/\/api.w.org\/{rel}","templated":true}]}}